{"id":465,"date":"2022-04-24T22:08:46","date_gmt":"2022-04-24T22:08:46","guid":{"rendered":"https:\/\/architect.oceanwp.org\/?page_id=465"},"modified":"2023-06-02T13:44:37","modified_gmt":"2023-06-02T11:44:37","slug":"home","status":"publish","type":"page","link":"https:\/\/fixpoint-systempartner.de\/baun-gmbh\/","title":{"rendered":"Home"},"content":{"rendered":"\t\t<div data-elementor-type=\"wp-page\" data-elementor-id=\"465\" class=\"elementor elementor-465\">\n\t\t\t\t\t\t<section class=\"elementor-section elementor-top-section elementor-element elementor-element-67bccc4 elementor-section-height-min-height elementor-section-full_width elementor-section-height-default elementor-section-items-middle wpr-particle-no wpr-jarallax-no wpr-parallax-no wpr-sticky-section-no\" data-id=\"67bccc4\" data-element_type=\"section\" data-settings=\"{&quot;background_background&quot;:&quot;slideshow&quot;,&quot;background_slideshow_gallery&quot;:[{&quot;id&quot;:795,&quot;url&quot;:&quot;https:\\\/\\\/fixpoint-systempartner.de\\\/baun-gmbh\\\/wp-content\\\/uploads\\\/sites\\\/2\\\/2023\\\/04\\\/Fixpoint24-Fussbodenheizung-Collage-ohne-Text-und-Logo-scaled.jpg&quot;}],&quot;background_slideshow_slide_duration&quot;:5000,&quot;background_slideshow_slide_transition&quot;:&quot;fade&quot;,&quot;background_slideshow_transition_duration&quot;:500}\">\n\t\t\t\t\t\t\t<div class=\"elementor-background-overlay\"><\/div>\n\t\t\t\t\t\t\t<div class=\"elementor-container elementor-column-gap-default\">\n\t\t\t\t\t<div class=\"elementor-column elementor-col-100 elementor-top-column elementor-element elementor-element-23a601b\" data-id=\"23a601b\" data-element_type=\"column\">\n\t\t\t<div class=\"elementor-widget-wrap elementor-element-populated\">\n\t\t\t\t\t\t<div class=\"elementor-element elementor-element-f12983f elementor-widget elementor-widget-heading\" data-id=\"f12983f\" data-element_type=\"widget\" data-widget_type=\"heading.default\">\n\t\t\t\t<div class=\"elementor-widget-container\">\n\t\t\t<style>\/*! elementor - v3.19.0 - 28-02-2024 *\/\n.elementor-heading-title{padding:0;margin:0;line-height:1}.elementor-widget-heading .elementor-heading-title[class*=elementor-size-]>a{color:inherit;font-size:inherit;line-height:inherit}.elementor-widget-heading .elementor-heading-title.elementor-size-small{font-size:15px}.elementor-widget-heading .elementor-heading-title.elementor-size-medium{font-size:19px}.elementor-widget-heading .elementor-heading-title.elementor-size-large{font-size:29px}.elementor-widget-heading .elementor-heading-title.elementor-size-xl{font-size:39px}.elementor-widget-heading .elementor-heading-title.elementor-size-xxl{font-size:59px}<\/style><h1 class=\"elementor-heading-title elementor-size-default\">Baun GmbH aus Recke <\/br>Ihr fixpoint Systempartner<\/h1>\t\t<\/div>\n\t\t\t\t<\/div>\n\t\t\t\t<div class=\"elementor-element elementor-element-b2ae864 elementor-widget__width-initial elementor-widget elementor-widget-heading\" data-id=\"b2ae864\" data-element_type=\"widget\" data-widget_type=\"heading.default\">\n\t\t\t\t<div class=\"elementor-widget-container\">\n\t\t\t<p class=\"elementor-heading-title elementor-size-default\">Behagliche W\u00e4rme durch nachtr\u00e4glich eingefr\u00e4ste Fussbodenheizung vom Spezialisten f\u00fcr energetische Haussanierung<\/p>\t\t<\/div>\n\t\t\t\t<\/div>\n\t\t\t\t\t<\/div>\n\t\t<\/div>\n\t\t\t\t\t<\/div>\n\t\t<\/section>\n\t\t\t\t<section class=\"elementor-section elementor-top-section elementor-element elementor-element-8f2a3b1 elementor-section-boxed elementor-section-height-default elementor-section-height-default wpr-particle-no wpr-jarallax-no wpr-parallax-no wpr-sticky-section-no\" data-id=\"8f2a3b1\" data-element_type=\"section\">\n\t\t\t\t\t\t<div class=\"elementor-container elementor-column-gap-default\">\n\t\t\t\t\t<div class=\"elementor-column elementor-col-100 elementor-top-column elementor-element elementor-element-9427d45\" data-id=\"9427d45\" data-element_type=\"column\">\n\t\t\t<div class=\"elementor-widget-wrap elementor-element-populated\">\n\t\t\t\t\t\t<div class=\"elementor-element elementor-element-93e13d7 elementor-widget elementor-widget-spacer\" data-id=\"93e13d7\" data-element_type=\"widget\" data-widget_type=\"spacer.default\">\n\t\t\t\t<div class=\"elementor-widget-container\">\n\t\t\t<style>\/*! elementor - v3.19.0 - 28-02-2024 *\/\n.elementor-column .elementor-spacer-inner{height:var(--spacer-size)}.e-con{--container-widget-width:100%}.e-con-inner>.elementor-widget-spacer,.e-con>.elementor-widget-spacer{width:var(--container-widget-width,var(--spacer-size));--align-self:var(--container-widget-align-self,initial);--flex-shrink:0}.e-con-inner>.elementor-widget-spacer>.elementor-widget-container,.e-con>.elementor-widget-spacer>.elementor-widget-container{height:100%;width:100%}.e-con-inner>.elementor-widget-spacer>.elementor-widget-container>.elementor-spacer,.e-con>.elementor-widget-spacer>.elementor-widget-container>.elementor-spacer{height:100%}.e-con-inner>.elementor-widget-spacer>.elementor-widget-container>.elementor-spacer>.elementor-spacer-inner,.e-con>.elementor-widget-spacer>.elementor-widget-container>.elementor-spacer>.elementor-spacer-inner{height:var(--container-widget-height,var(--spacer-size))}.e-con-inner>.elementor-widget-spacer.elementor-widget-empty,.e-con>.elementor-widget-spacer.elementor-widget-empty{position:relative;min-height:22px;min-width:22px}.e-con-inner>.elementor-widget-spacer.elementor-widget-empty .elementor-widget-empty-icon,.e-con>.elementor-widget-spacer.elementor-widget-empty .elementor-widget-empty-icon{position:absolute;top:0;bottom:0;left:0;right:0;margin:auto;padding:0;width:22px;height:22px}<\/style>\t\t<div class=\"elementor-spacer\">\n\t\t\t<div class=\"elementor-spacer-inner\"><\/div>\n\t\t<\/div>\n\t\t\t\t<\/div>\n\t\t\t\t<\/div>\n\t\t\t\t<section class=\"elementor-section elementor-inner-section elementor-element elementor-element-f162c40 elementor-section-content-middle elementor-section-boxed elementor-section-height-default elementor-section-height-default wpr-particle-no wpr-jarallax-no wpr-parallax-no wpr-sticky-section-no\" data-id=\"f162c40\" data-element_type=\"section\">\n\t\t\t\t\t\t<div class=\"elementor-container elementor-column-gap-no\">\n\t\t\t\t\t<div class=\"elementor-column elementor-col-50 elementor-inner-column elementor-element elementor-element-dacf0d5\" data-id=\"dacf0d5\" data-element_type=\"column\">\n\t\t\t<div class=\"elementor-widget-wrap elementor-element-populated\">\n\t\t\t\t\t\t<div class=\"elementor-element elementor-element-692d71b elementor-widget elementor-widget-image\" data-id=\"692d71b\" data-element_type=\"widget\" data-widget_type=\"image.default\">\n\t\t\t\t<div class=\"elementor-widget-container\">\n\t\t\t<style>\/*! elementor - v3.19.0 - 28-02-2024 *\/\n.elementor-widget-image{text-align:center}.elementor-widget-image a{display:inline-block}.elementor-widget-image a img[src$=\".svg\"]{width:48px}.elementor-widget-image img{vertical-align:middle;display:inline-block}<\/style>\t\t\t\t\t\t\t\t\t\t<img fetchpriority=\"high\" decoding=\"async\" width=\"1200\" height=\"800\" src=\"https:\/\/fixpoint-systempartner.de\/baun-gmbh\/wp-content\/uploads\/sites\/2\/2023\/04\/Marcel_Baun.jpg\" class=\"attachment-full size-full wp-image-827\" alt=\"\" srcset=\"https:\/\/fixpoint-systempartner.de\/baun-gmbh\/wp-content\/uploads\/sites\/2\/2023\/04\/Marcel_Baun.jpg 1200w, https:\/\/fixpoint-systempartner.de\/baun-gmbh\/wp-content\/uploads\/sites\/2\/2023\/04\/Marcel_Baun-300x200.jpg 300w, https:\/\/fixpoint-systempartner.de\/baun-gmbh\/wp-content\/uploads\/sites\/2\/2023\/04\/Marcel_Baun-1024x683.jpg 1024w, https:\/\/fixpoint-systempartner.de\/baun-gmbh\/wp-content\/uploads\/sites\/2\/2023\/04\/Marcel_Baun-768x512.jpg 768w\" sizes=\"(max-width: 1200px) 100vw, 1200px\" \/>\t\t\t\t\t\t\t\t\t\t\t\t\t<\/div>\n\t\t\t\t<\/div>\n\t\t\t\t\t<\/div>\n\t\t<\/div>\n\t\t\t\t<div class=\"elementor-column elementor-col-50 elementor-inner-column elementor-element elementor-element-9a4d4d6\" data-id=\"9a4d4d6\" data-element_type=\"column\">\n\t\t\t<div class=\"elementor-widget-wrap elementor-element-populated\">\n\t\t\t\t\t\t<div class=\"elementor-element elementor-element-0255a9f elementor-widget elementor-widget-heading\" data-id=\"0255a9f\" data-element_type=\"widget\" data-widget_type=\"heading.default\">\n\t\t\t\t<div class=\"elementor-widget-container\">\n\t\t\t<h2 class=\"elementor-heading-title elementor-size-default\">Baun GmbH Recke<\/h2>\t\t<\/div>\n\t\t\t\t<\/div>\n\t\t\t\t<div class=\"elementor-element elementor-element-90888d2 elementor-widget elementor-widget-text-editor\" data-id=\"90888d2\" data-element_type=\"widget\" data-widget_type=\"text-editor.default\">\n\t\t\t\t<div class=\"elementor-widget-container\">\n\t\t\t<style>\/*! elementor - v3.19.0 - 28-02-2024 *\/\n.elementor-widget-text-editor.elementor-drop-cap-view-stacked .elementor-drop-cap{background-color:#69727d;color:#fff}.elementor-widget-text-editor.elementor-drop-cap-view-framed .elementor-drop-cap{color:#69727d;border:3px solid;background-color:transparent}.elementor-widget-text-editor:not(.elementor-drop-cap-view-default) .elementor-drop-cap{margin-top:8px}.elementor-widget-text-editor:not(.elementor-drop-cap-view-default) .elementor-drop-cap-letter{width:1em;height:1em}.elementor-widget-text-editor .elementor-drop-cap{float:left;text-align:center;line-height:1;font-size:50px}.elementor-widget-text-editor .elementor-drop-cap-letter{display:inline-block}<\/style>\t\t\t\tWir sind <strong><em>fix<\/em><span style=\"color: #ef7d00;\">point<\/span><\/strong>-Systempartner und besch\u00e4ftigen uns mit dem Einbau von Niedertemperatur Fl\u00e4chenheizungen (Fu\u00dfbodenheizung, Wandheizung und Deckenheizung).\n\nUnser Einsatzgebiet liegt ca. 100 Km rund um Recke!\n\n(Osnabr\u00fcck, Ibbenb\u00fcren, Rheine, Nordhorn, Lingen, Meppen, Cloppenburg, Vechta, Nienburg, Minden, Wunstorf, Hameln, Detmold, G\u00fctersloh, M\u00fcnster)\t\t\t\t\t\t<\/div>\n\t\t\t\t<\/div>\n\t\t\t\t\t<\/div>\n\t\t<\/div>\n\t\t\t\t\t<\/div>\n\t\t<\/section>\n\t\t\t\t<div class=\"elementor-element elementor-element-489dce5 elementor-widget elementor-widget-spacer\" data-id=\"489dce5\" data-element_type=\"widget\" data-widget_type=\"spacer.default\">\n\t\t\t\t<div class=\"elementor-widget-container\">\n\t\t\t\t\t<div class=\"elementor-spacer\">\n\t\t\t<div class=\"elementor-spacer-inner\"><\/div>\n\t\t<\/div>\n\t\t\t\t<\/div>\n\t\t\t\t<\/div>\n\t\t\t\t<div class=\"elementor-element elementor-element-b709088 elementor-widget elementor-widget-text-editor\" data-id=\"b709088\" data-element_type=\"widget\" data-widget_type=\"text-editor.default\">\n\t\t\t\t<div class=\"elementor-widget-container\">\n\t\t\t\t\t\t\t<p><span style=\"font-size: 18px;\">Marcel Baun leitet die <strong><em>fix<\/em><span style=\"color: #ef7d00;\">point<\/span><\/strong> Systempartner GmbH Recke.<\/span><\/p>\n<p>\u00dcber 25 Jahre Erfahrung im Vertrieb und Beratung von hochwertigen Bau Produkten stehen hier zu Buche.<\/p>\n<p>Mit unserer gro\u00dfen Kompetenz in der Planung, Beratung und Montage von Niedertemperaturfl\u00e4chenheizungen sind Sie bei uns in den besten H\u00e4nden.<\/p>\n<p>Durch unsere zertifizierte Systempartnerschaft sind wir immer auf dem neusten Stand der Technik und bieten ihnen eine erstklassige Qualit\u00e4tsarbeit an.<\/p>\n<p>Von der Beratung \u00fcber die Planung bis zur Ausf\u00fchrung ist unser Ziel immer 5 Sterne von 5 m\u00f6glichen zu erreichen.<\/p>\n<p>Vertrauen Sie uns, wir werden Sie nicht entt\u00e4uschen.<\/p>\n<p>Wir sind durch umfangreiche Produkt-, Einbau- und Bedienungsschulungen umfassend und Gewerk\u00fcbergreifend spezialisiert auf energetische Altbausanierung im Bereich Heizungstechnik und der richtige Partner f\u00fcr Bauherren, Architekten und Fachplaner, Wohnungsgesellschaften und Industriekunden.<\/p>\n<p>Sie wollen oder m\u00fcssen Ihr Altbauprojekt energetisch sanieren und ben\u00f6tigen f\u00fcr Ihr Bauvorhaben kompetente Beratung, ausgereifte aufeinander abgestimmte Materialien und Einbautechniken oder verbindliche Ausf\u00fchrungstermine?<\/p>\n<p>Dann sind wir der richtige Partner f\u00fcr Sie.<\/p>\n<p>Gerade aus Zeitgr\u00fcnden bzw. Abstimmungsproblematiken unter verschiedenen Gewerken, sind wir als <strong><em>fix<\/em><span style=\"color: #ef7d00;\">point<\/span><\/strong>-Systempartner in Verbindung mit unseren Markf\u00fchrenden Industriepartnern in mehreren Berufsbildern geschult und k\u00f6nnen dadurch kurze Bauzeiten f\u00fcr unsere Kunden bieten.<\/p>\n<p>Niedertemperatur Fl\u00e4chenheizungen (Fu\u00dfbodenheizung, Wandheizung, Deckenheizung) im Altbau nachr\u00fcsten<\/p>\n<p>Unsere Leistungen:<\/p>\n<ul>\n<li>Beratung unter Einbeziehung von Kundenw\u00fcnschen, Machbarkeitsanalyse<\/li>\n<li>Ausarbeitung und Angebotswesen <b>(optional)<\/b><\/li>\n<li>Alte Oberb\u00f6den entfernen und entsorgen <b>(optional)<\/b><\/li>\n<li>Alte Estriche schleifen (Teppich- und Fliesenkleber, Zementschleier entfernen bzw. Estrich anschleifen) zur besseren Aufnahme\/Verbindung von Grundierungen und Ausgleichsmassen <b>(optional)<\/b><\/li>\n<li>Fu\u00dfbodenheizungsnuten f\u00fcr Heizrohre in den Estrich einfr\u00e4sen<\/li>\n<li>Fu\u00dfbodenheizungsrohre verlegen und an die Heizkreisverteilerstation anschlie\u00dfen (ohne hydraulischen Anschluss an die Heizungsanlage)<\/li>\n<li><span style=\"font-size: 18px;\">Montage\/Einrichtung Smarthome inkl. Funk-Raumthermostate&nbsp;<\/span><b style=\"font-size: 18px;\">(optional)<\/b><br><\/li>\n<li><span style=\"font-size: 18px;\">Ges. Bodenfl\u00e4che mit Hochleistungssauger absaugen <\/span><b style=\"font-size: 18px;\">(optional)<\/b><br><\/li>\n<\/ul>\n<p>Sie suchen nach kompetenten und zuverl\u00e4ssigen Fachbetrieben f\u00fcr den nachtr\u00e4glichen Einbau von Fl\u00e4chenheizungen?<\/p>\n<p>Sprechen Sie uns an und wir finden individuelle L\u00f6sungen f\u00fcr Ihre Projekte und Auftr\u00e4ge.<\/p>\n<p>Bei <strong><em>fix<\/em><span style=\"color: #ef7d00;\">point<\/span><\/strong> erwerben Sie ein System, wo die Komponenten und Montagemethoden optimal auf den energetischen Sanierungsbereich abgestimmt sind.<\/p>\n<p>Genie\u00dfen Sie die <strong><em>fix<\/em><span style=\"color: #ef7d00;\">point<\/span><\/strong> Vorteile<\/p>\n<p>Stellen Sie ihre Anfrage problemlos online<\/p>\n<p>Bei Fragen erreichen Sie unser geschultes Beratungsteam Montag bis Freitag von 9:00 bis 17:00 Uhr<\/p>\n<ul>\n<li>\u00fcber unsere kostenlose Service Hotline unter Tel. <strong><span style=\"text-decoration: underline;\"><a href=\"tel: +4923899006550\">+49 2389 900 655-0<\/a><\/span><\/strong><\/li>\n<li>unkompliziert \u00fcber unser online <strong><span style=\"text-decoration: underline;\"><a href=\"https:\/\/fixpoint-systempartner.de\/baun-gmbh\/kontakt\/\">Kontaktformular<\/a><\/span><\/strong><\/li>\n<li>per E-Mail <strong><span style=\"text-decoration: underline;\"><a href=\"mailto:info@baun-gmbh.de\">info@baun-gmbh.de<\/a><\/span><\/strong><\/li>\n<\/ul>\n<p>Das <strong><em>fix<\/em><span style=\"color: #ef7d00;\">point<\/span><\/strong> Team steht Ihnen mit seinem Wissen und zahlreichen Erfahrungen und erfolgreiche Praxis mit Rat und Tat zur Seite.<\/p>\n<p>Als spezialisiertes Unternehmen f\u00fcr Fl\u00e4chenheizungen in der Altbausanierung besetzen wir ein breites Feld, wo Erfahrung und das Wissen von gewerk\u00fcbergreifenden Arbeitsabl\u00e4ufen wichtig ist und von uns praktiziert wird.<\/p>\n<p>Auf uns k\u00f6nnen Sie sich verlassen!<\/p>\n<p>Wir \u201ebaun\u201c f\u00fcr Sie\u2026\u2026\u2026<\/p>\n<p>Marcel Baun<\/p>\t\t\t\t\t\t<\/div>\n\t\t\t\t<\/div>\n\t\t\t\t\t<\/div>\n\t\t<\/div>\n\t\t\t\t\t<\/div>\n\t\t<\/section>\n\t\t\t\t<\/div>\n\t\t","protected":false},"excerpt":{"rendered":"<p>Baun GmbH aus Recke Ihr fixpoint Systempartner Behagliche W\u00e4rme durch nachtr\u00e4glich eingefr\u00e4ste Fussbodenheizung vom Spezialisten f\u00fcr energetische Haussanierung Baun GmbH Recke Wir sind fixpoint-Systempartner und besch\u00e4ftigen uns mit dem Einbau von Niedertemperatur Fl\u00e4chenheizungen (Fu\u00dfbodenheizung, Wandheizung und Deckenheizung). Unser Einsatzgebiet liegt ca. 100 Km rund um Recke! (Osnabr\u00fcck, Ibbenb\u00fcren, Rheine, Nordhorn, Lingen, Meppen, Cloppenburg, Vechta, Nienburg, [&hellip;]<\/p>\n","protected":false},"author":1,"featured_media":0,"parent":0,"menu_order":0,"comment_status":"closed","ping_status":"closed","template":"","meta":{"ocean_post_layout":"full-screen","ocean_both_sidebars_style":"","ocean_both_sidebars_content_width":0,"ocean_both_sidebars_sidebars_width":0,"ocean_sidebar":"0","ocean_second_sidebar":"0","ocean_disable_margins":"on","ocean_add_body_class":"","ocean_shortcode_before_top_bar":"","ocean_shortcode_after_top_bar":"","ocean_shortcode_before_header":"","ocean_shortcode_after_header":"","ocean_has_shortcode":"","ocean_shortcode_after_title":"","ocean_shortcode_before_footer_widgets":"","ocean_shortcode_after_footer_widgets":"","ocean_shortcode_before_footer_bottom":"","ocean_shortcode_after_footer_bottom":"","ocean_display_top_bar":"default","ocean_display_header":"default","ocean_header_style":"transparent","ocean_center_header_left_menu":"0","ocean_custom_header_template":"0","ocean_custom_logo":0,"ocean_custom_retina_logo":0,"ocean_custom_logo_max_width":0,"ocean_custom_logo_tablet_max_width":0,"ocean_custom_logo_mobile_max_width":0,"ocean_custom_logo_max_height":0,"ocean_custom_logo_tablet_max_height":0,"ocean_custom_logo_mobile_max_height":0,"ocean_header_custom_menu":"0","ocean_menu_typo_font_family":"0","ocean_menu_typo_font_subset":"","ocean_menu_typo_font_size":0,"ocean_menu_typo_font_size_tablet":0,"ocean_menu_typo_font_size_mobile":0,"ocean_menu_typo_font_size_unit":"px","ocean_menu_typo_font_weight":"","ocean_menu_typo_font_weight_tablet":"","ocean_menu_typo_font_weight_mobile":"","ocean_menu_typo_transform":"","ocean_menu_typo_transform_tablet":"","ocean_menu_typo_transform_mobile":"","ocean_menu_typo_line_height":0,"ocean_menu_typo_line_height_tablet":0,"ocean_menu_typo_line_height_mobile":0,"ocean_menu_typo_line_height_unit":"","ocean_menu_typo_spacing":0,"ocean_menu_typo_spacing_tablet":0,"ocean_menu_typo_spacing_mobile":0,"ocean_menu_typo_spacing_unit":"","ocean_menu_link_color":"#ffffff","ocean_menu_link_color_hover":"#6e8fef","ocean_menu_link_color_active":"#ffffff","ocean_menu_link_background":"","ocean_menu_link_hover_background":"","ocean_menu_link_active_background":"","ocean_menu_social_links_bg":"","ocean_menu_social_hover_links_bg":"","ocean_menu_social_links_color":"#ffffff","ocean_menu_social_hover_links_color":"#6e8fef","ocean_disable_title":"on","ocean_disable_heading":"default","ocean_post_title":"","ocean_post_subheading":"","ocean_post_title_style":"","ocean_post_title_background_color":"","ocean_post_title_background":0,"ocean_post_title_bg_image_position":"","ocean_post_title_bg_image_attachment":"","ocean_post_title_bg_image_repeat":"","ocean_post_title_bg_image_size":"","ocean_post_title_height":0,"ocean_post_title_bg_overlay":0.5,"ocean_post_title_bg_overlay_color":"","ocean_disable_breadcrumbs":"off","ocean_breadcrumbs_color":"","ocean_breadcrumbs_separator_color":"","ocean_breadcrumbs_links_color":"","ocean_breadcrumbs_links_hover_color":"","ocean_display_footer_widgets":"default","ocean_display_footer_bottom":"default","ocean_custom_footer_template":"0","footnotes":""},"_links":{"self":[{"href":"https:\/\/fixpoint-systempartner.de\/baun-gmbh\/wp-json\/wp\/v2\/pages\/465"}],"collection":[{"href":"https:\/\/fixpoint-systempartner.de\/baun-gmbh\/wp-json\/wp\/v2\/pages"}],"about":[{"href":"https:\/\/fixpoint-systempartner.de\/baun-gmbh\/wp-json\/wp\/v2\/types\/page"}],"author":[{"embeddable":true,"href":"https:\/\/fixpoint-systempartner.de\/baun-gmbh\/wp-json\/wp\/v2\/users\/1"}],"replies":[{"embeddable":true,"href":"https:\/\/fixpoint-systempartner.de\/baun-gmbh\/wp-json\/wp\/v2\/comments?post=465"}],"version-history":[{"count":10,"href":"https:\/\/fixpoint-systempartner.de\/baun-gmbh\/wp-json\/wp\/v2\/pages\/465\/revisions"}],"predecessor-version":[{"id":981,"href":"https:\/\/fixpoint-systempartner.de\/baun-gmbh\/wp-json\/wp\/v2\/pages\/465\/revisions\/981"}],"wp:attachment":[{"href":"https:\/\/fixpoint-systempartner.de\/baun-gmbh\/wp-json\/wp\/v2\/media?parent=465"}],"curies":[{"name":"wp","href":"https:\/\/api.w.org\/{rel}","templated":true}]}}